n**3 + 4*n**2 - 4*n + 4. Give f(b).
-1
Let n(z) = z**2 - 5*z - 4. Let l be n(6). Suppose 0 = -o + 5 - 0. Let g = l - o. Let c(h) = -2*h - 4. Give c(g).
2
Let q(v) = v**2 - 3*v + 3. Let l be q(3). Let b(u) = -u**l + 2 + 3 - u**2 + 0*u**2. Give b(0).
5
Let k(y) = 4*y**2 - y - 2. Suppose h + 5 = 7. What is k(h)?
12
Suppose 0 = v - 3*v + 4. Suppose 3*q = -3*d + 1 + 8, 0 = -3*q - v*d + 5. Let i(y) = 5*y**3 - y**2 - 2*y - 1. Determine i(q).
-5
Suppose -4*f = 2*a - 2, -a + 30 = 5*f - 4*a. Let o(i) = -10*i**2 + 16*i - 12. Let z(k) = -3*k**2 + 5*k - 4. Let u(s) = -2*o(s) + 7*z(s). Determine u(f).
-4
Let x = 9 - 8. Let y(b) = -13*b. Give y(x).
-13
Let j(a) = 2*a - 6. Let c be -2*4/8 + -2. Let o(x) = 5*x - 17. Let s(h) = c*o(h) + 8*j(h). Calculate s(-4).
-1
Let l(w) be the second derivative of -w**3/3 + w**2/2 + 6*w. Calculate l(-2).
5
Let m(o) be the third derivative of -o**4/6 + o**3/3 - o**2. Let t(j) = -j. Let b(r) = -m(r) + 3*t(r). Suppose 9 = -q + 13. What is b(q)?
2
Let h(g) = g**2 - 6*g + 6. Let i be h(4). Let z(t) = -9*t - 3. Let x(p) = 3*p + 1. Let j(o) = i*z(o) - 7*x(o). Let n = -1 + 3. Calculate j(n).
-7
Let l(p) = 2*p + 7. Let w be (-8)/20*(-6 + 1). Let q = -2 + 12. Let c be (3 - w)/((-2)/q). Give l(c).
-3
Let i(f) = 3*f**3 - 2*f**2 - 3*f + 3. Let c(v) = v**3 + v**2 + 1. Let g(o) = 2*c(o) - i(o). Determine g(5).
-11
Let l(f) = f**2 - 2*f + 1. Suppose -34 + 37 = 3*v. Let z = -2 + 3. Let i = v + z. Determine l(i).
1
Let y(o) = -o**3 + 5*o**2 + 2*o - 5. Suppose n - 2*n = -3. Suppose c = 5*w - 27, -2*w - 5*c = -n*w + 15. Determine y(w).
5
Let j(l) be the second derivative of l**5/20 + l**4/6 + l**3/2 + l**2/2 - 15*l. Calculate j(-2).
-5
Let c(o) = 12*o + 15*o - 33*o + 7*o. Give c(3).
3
Let u = 17 - 21. Let l be (-2)/u*0 + 2. Let j(s) = -s**3 - s**2 + 2*s. What is j(l)?
-8
Let i(o) = -o + 1. Let c be -1*(6/(-10))/(3/(-15)). What is i(c)?
4
Let y(o) be the first derivative of -o**4/4 - 8*o**3/3 + 4*o**2 - 7*o - 1. Let n be y(-9). Let s(m) = -2*m**2 + m - 1. Calculate s(n).
-7
Let r be (-8)/10 + (-9)/(-5). Suppose r = k - 4, 5*b - k = -10. Let y(j) = 4*j**3 + 2*j**2 + j. Calculate y(b).
-3
Suppose 5*j + 21 = 1. Let h(p) = 5*p. What is h(j)?
-20
Let s(w) = 4*w**3 - 3*w**2 + w. Let q(p) = 7*p**3 - 5*p**2 + 2*p. Suppose 0 = -5*v + v + 20. Let r(f) = v*s(f) - 3*q(f). Give r(2).
-10
Suppose 3*q - 17 = -5. Suppose 2*b + q = -0. Let m(u) = 2*u**3 + 4*u**2 + 2*u - 2. What is m(b)?
-6
Suppose -1 - 3 = -4*m. Let f(p) = -m + 3 - 1 + 4 - p. Let a be 4 + (0 - (-1 + 0)). Calculate f(a).
0
Let q be ((-2)/3)/((-4)/18). Suppose 6 + 9 = 3*k. Let s(j) = -k*j + 2*j + 4*j - 4. Determine s(q).
-1
Let j(g) = 9*g - 1. Let y(p) = 26*p - 3. Let d(k) = -8*j(k) + 3*y(k). Let z = -4 + 5. Calculate d(z).
5
Let v(p) = 4*p. Let d(m) = 2*m - 10. Let x be d(7). Suppose 2*y + 8 - x = 0. Determine v(y).
-8
Suppose 0*s - 3*s - 3 = 0. Let i = 4 + s. Let x(y) = -y**2 + y + 1. Give x(i).
-5
Let v be (-6)/(-30) - (-168)/(-15). Let j = v - -6. Let i(y) = y**2 + 4*y - 1. What is i(j)?
4
Let y = -134 + 139. Let z(v) be the first derivative of -v**4/4 + 4*v**3/3 + v**2 + 2*v + 2. Give z(y).
-13
Let n(b) be the third derivative of -b**6/120 - b**5/10 - 7*b**4/24 - 5*b**3/6 + 9*b**2. Suppose 12 = -0*z + 2*z. Suppose -6 = 3*w + z. Calculate n(w).
-9
Let p be (-6)/27 - 58/(-18). Let m be (-14)/p - (-14)/21. Let t(h) = -h**2 - 3*h - 2. What is t(m)?
-6
Let n = 9 + -5. Suppose 0 + 8 = -n*s. Let y(r) be the first derivative of -3*r**2/2 + 2*r + 1. Determine y(s).
8
Let i be 0 + (1 - -2 - -2). Let h(s) be the third derivative of s**5/60 - 5*s**4/24 - s**3/2 - 35*s**2. What is h(i)?
-3
Let o(k) be the second derivative of k**6/120 - k**5/20 + k**4/12 - k**3/3 - k**2/2 - 2*k. Let n(a) be the first derivative of o(a). Calculate n(2).
-2
Let y(t) = -2*t**3 + 13*t**2 - 4*t - 3. Let l be y(6). Let x(s) = -s**2 + 7*s + 13. Give x(l).
-5
Let k(i) = -i**3 - i**2 - 2*i - 3. Let r be 4/(-14) + (-30)/42. Let w be 0 + r + (-3 - -2). Determine k(w).
5
Let q = -22 - -19. Let m(b) = -b**2 - b + 3. Determine m(q).
-3
Let v(b) be the second derivative of -b**5/10 - b**4/12 + b**3/2 + b**2 - 43*b. Let f = 0 + 0. Suppose f - 4 = 2*d. Determine v(d).
8
Let n(u) be the second derivative of -u**4/6 - u**3/6 - 8*u. Determine n(-2).
-6
Let t(v) = v**2 - 2*v - 1. Let a(y) = -y**2 - 5*y + 8. Let r = -4 - 2. Let l be a(r). Determine t(l).
-1
Suppose 0 = 5*i + 13 + 7. Let o(l) = l**3 + 4*l**2 - l. Give o(i).
4
Suppose 0*z = -w + 3*z + 23, 5*w + 2*z - 30 = 0. Let b(u) = -u + 1. What is b(w)?
-7
Let w(v) be the second derivative of v**5/60 + v**4/4 - 5*v**3/6 + 4*v. Let n(d) be the second derivative of w(d). Calculate n(-4).
-2
Suppose 0*h = -h + 28. Let n(m) = -m + 0*m**2 - m**2 + h - 29. Give n(-1).
-1
Let c(d) = 4*d**2 - 2*d - 2. Let a = -19 + 22. Suppose 3*v = -a*s + 4*v + 5, 0 = -4*s + 3*v + 5. What is c(s)?
10
Let r(c) = c + 1. Suppose -2*f + 2 = 4*b + 3*f, -4*f - 8 = 0. Let n be 3 - (-3 + b - 3). Suppose n*w = 2*w - 24. Give r(w).
-5
Let m(h) = -h**3 - 3*h**2 + 2*h - 4. Let a be m(-4). Let i(n) = 1 - n**2 - 3 - 2*n**2 + a*n**2 + 3*n. Suppose -3*j + 2*o - 15 = -0*o, 0 = -3*o. Give i(j).
8
Let b be 1/(-2) - 3/2. Let r(q) = q**3 - q**2 - 2*q - 1. Calculate r(b).
-9
Let l(k) be the second derivative of -k**5/20 + 5*k**4/12 - 5*k**3/6 + 5*k**2/2 - 22*k. Calculate l(4).
1
Let l(d) = -4*d + 36. Let m be l(8). Let t(a) be the third derivative of 0 + a**2 + 1/6*a**3 + 0*a + 1/24*a**m. Calculate t(0).
1
Let b(c) = c**3 - 4*c**2 + c + 4. Let d be b(3). Let o(k) = -2*k**2 + 4*k - 3. Let a(i) = -2*i**2 + 3*i - 2. Let t(q) = 4*a(q) - 3*o(q). Determine t(d).
-7
Let t(d) = -d**2 + 3*d + 7. Let a be t(5). Let n(m) be the second derivative of -m**5/20 - m**4/4 + 2*m**3/3 + m**2/2 - m. Give n(a).
-11
Let p(s) be the second derivative of s**8/3360 + s**7/1260 - s**6/360 - s**5/60 + s**4/2 + s. Let k(d) be the third derivative of p(d). Give k(-2).
-6
Let x be (-1 - -4)/(2 - 1). Let n(f) = -2*f + 1. Let s be n(-1). Let p(c) = c + s - c - c + c**2. What is p(x)?
9
Let q(u) = -u**3 + u - 2. Let o be 69/15 + 2/5. Suppose i = o + 5. Suppose 3*b + 2*b = i. What is q(b)?
-8
Let s(b) = b**2 + 6*b - 8. Let t be s(-6). Let p(x) = -x**2 - 6*x + 5. What is p(t)?
-11
Suppose -4*k + 15 = k. Suppose -2*i = -k - 5. Let x(y) = 4*y + 4 - y**3 - i*y - 3*y**2. What is x(-3)?
4
Let w = -23 - -20. Let u(a) be the first derivative of a**6/120 + a**5/30 + a**3/2 - a**2/2 - 1. Let r(b) be the second derivative of u(b). Determine r(w).
-6
Let j be 2/(-10) + 156/(-20). Let v = j + 12. Let d(y) = y - 1. What is d(v)?
3
Let b(d) = -7*d**2 - 3*d - 3*d**3 + 2*d**3 - 3*d + 4. Let k(h) = h**3 - 4*h**2 + h. Let n be k(3). Calculate b(n).
4
Suppose 5*s - 10 + 10 = 0. Let z(v) be the third derivative of 1/24*v**4 + 1/6*v**3 + s + 0*v - 2*v**2. Determine z(6).
7
Let p(l) = l**2 - l + 5. Let s(w) = w**3 - 10*w**2 - 10*w - 6. Let h be s(11). Suppose -5 = 2*o - 15. Let i = o - h. Give p(i).
5
Let w be 2/(-4)*(8 + 8). Let g = w + 11. Let k(c) = 3*c**2 - 1 + 2*c**2 - 1 - c**g - 7*c**2. Determine k(-2).
-2
Let q(s) = s**3 - 6*s**2 - 6. Let g(f) = 6 + 5*f**2 + 5*f**3 - 4*f**3 + 6*f**2. Let c be g(-11). Calculate q(c).
-6
Let w be -43 + (-1)/((-3)/(-6)). Let g be (1/(-3))/(3/w). Suppose 0 = -g*n + 14 + 1. Let t(q) = -2*q**2 + 3*q - 1. What is t(n)?
-10
Let j(c) be the first derivative of 1/3*c**3 + 4*c**2 - 3 + 5*c. Give j(-5).
-10
Let r(k) = -2*k - 6. Let m be 69*(1 - 2/3). Suppose 2*g - m = -3*f + 6, -5*g = 3*f - 41. Let z = -11 + f. What is r(z)?
2
Let f(c) = 2*c**2 + c + 6. Let o(r) = -2*r**2 - r - 5. Let a(s) = 3*f(s) + 4*o(s). Determine a(-2).
-8
Let g(f) = -f + 2. Let d(y) = y**3 - 17*y**2 + 16*y + 2. Let v be d(16). Determine g(v).
0
Let y(a) be the third derivative of -a**5/60 - 13*a**4/24 - 8*a**3/3 + 4*a**2. Let i be y(-11). Let b(t) = -t**3 + 5*t**2 + 8*t - 8. Calculate b(i).
4
Let q = 3 - 4. Let l = q + 2. Let j(g) = 1 + g + 2 - l. What is j(0)?
2
Let z = -20 + 21. Let a(u) = 3*u + 1. Calculate a(z).
4
Let m(v) = 10*v**2 - 4*v + 1. Let h(f) = -f**2 + f - 1. Let z(c) = 2*h(c) + m(c). Determine z(-1).
9
Suppose 3*d = -4*k + 15, 2*d + k = 2*k + 10. Let u(m) = -m**3 + 6*m**2 - 5*m + 3. Give u(d).
3
Let k(i) = i - 3. Let j(f) = -f + 1. Let g(r) = -6*r + 11. Let t(a) = g(a) - 